6*z - 117. Let i(v) = 4*b(v) + y(v). Calculate i(a).
-13
Suppose 4*b - w - 28 = 0, -b + 2*w + 3 + 4 = 0. Let o = -67 + 71. Let a(h) = 5*h - 582*h**3 + 2*h**2 + 9 + 581*h**3 + o*h**2. What is a(b)?
-5
Let i(a) = 3*a + 4*a**2 + 17*a**2 + 18*a**2 - 3 + 1 - 2*a. Give i(1).
38
Let p(w) = -7*w**2 - w**2 - 2*w**2 - 2*w + 9*w**2 + 0*w**2 + 2. Determine p(1).
-1
Let h(n) be the first derivative of -2/3*n**3 + 0*n**2 - n + 1/4*n**4 + 36. Determine h(3).
8
Suppose -11*v = -n + 3, 4*n - 15 = -5*v - n. Let p(o) be the third derivative of -o**3 + 3*o**2 + 1/120*o**6 + 0*o**5 + v - 1/24*o**4 + 0*o. Give p(0).
-6
Let u(b) = b**3 + 3*b**2 + b - 1. Let v(r) = -r + 5. Let c be -2*(-2040)/(-5) + 1*4. Let n be 2/(-7) + c/(-98). Let z be v(n). Calculate u(z).
-4
Suppose -9*j + 6*j = 3. Let l(f) be the first derivative of 8 - 11/3*f**3 + 0*f**2 - f. Give l(j).
-12
Let u(o) = 410*o**3 - 800*o**3 + 391*o**3 + 10*o - 13*o**2 + 7 + 3. What is u(12)?
-14
Let l(a) = 3795 - 1880 + 6*a - 1937. Calculate l(4).
2
Suppose 6 - 8 = -i. Suppose 4*p + 54 = i*a, -2*p - a = -5*a + 18. Let c be (36/p)/((-1)/(15/6)). Let d(x) = -x**2 + 7*x - 7. Give d(c).
-1
Let b(t) = -22*t + 8. Let m(s) = -19*s + 7. Let v(j) = -2*b(j) + 3*m(j). What is v(1)?
-8
Let y(w) = -w**3 + 8*w**2 - 10. Suppose 3*l - m + 363 - 152 = 0, -2*l - m - 149 = 0. Let f = 80 + l. Determine y(f).
-10
Let s(y) = 2*y + 2 + 1 - 1. Let t(k) = 2*k**2 - 14*k + 26. Let x be t(5). Suppose 6*o + x = -6. What is s(o)?
-2
Suppose 183*d - 252 = -38*d + 190. Let y(k) be the first derivative of -2*k**d - 1/4*k**4 - 16 - 2*k**3 + 2*k. Determine y(-5).
-3
Suppose -31*w = -28*w - a + 8, 24 = -5*w - a. Let h(n) = n**3 + 2*n**2 + n + 27. Give h(w).
-9
Let z(n) = 4*n**2 - 48*n + 46. Let i be z(1). Let p(c) = 14*c - 9. Determine p(i).
19
Let k = 85 - 85. Let y(j) = 2*j**2 + 27*j**3 - 1 - 3 + 23*j**3 - 51*j**3 - j**2. Give y(k).
-4
Let l(y) = 7*y - 3. Suppose -542*v = -540*v + 8. Let a be (-5)/4*v + 0. What is l(a)?
32
Let w = -146 + 146. Suppose -z + 5 - 3 = w. Let i(q) be the second derivative of q**4/12 - 2*q**3/3 + q**2/2 + 5*q. Calculate i(z).
-3
Let b = 12 + -2. Let v(s) = -6 + 3*s**2 - 3*s**2 + 5284*s**3 - 2*s - 10*s**2 + 5284*s**3 - s - 10567*s**3. Determine v(b).
-36
Let d(f) = 99*f - 2. Suppose 2*i - 14 = 4*c, 7 = i - c + 3. What is d(i)?
97
Let i(a) = 14*a**2 + 13*a + 31. Let d(c) = -5*c**2 - 5*c - 11. Let p(q) = 11*d(q) + 4*i(q). Give p(4).
7
Suppose 3*l + v + 13 = 0, -3*l - 5*v + 7 = -0*l. Let h = 2 + l. Let i(w) be the second derivative of -w**5/20 - 5*w**4/12 - w**3 - w**2 + 37*w - 2. Give i(h).
6
Let j(q) = -q**2 - 3*q - 2. Let d(v) = 2*v**3 - 14*v**2 - v + 6. Let c be d(7). Let i be (-5)/(-1) - (12 + c). Determine j(i).
-20
Let l(c) = 7. Let v(b) = -b**2 + 19*b - 83. Let x be v(12). Let u(h) = -13*h - 182. Let g(p) = x*u(p) + 26*l(p). Calculate g(1).
-13
Let d(q) = -4*q**3 + 35*q**2 - 31*q + 13. Let h(o) = -5*o**3 + 38*o**2 - 33*o + 14. Let r(n) = -6*d(n) + 5*h(n). Determine r(-21).
-8
Let l(z) = -4*z**3 - 18*z**2 + 31*z - 2. Let q be l(-6). Let x(g) be the first derivative of 6*g - 1/3*g**3 + g**2 - q. Calculate x(5).
-9
Let k(x) be the second derivative of 18*x + 0 + 1/6*x**3 + 3*x**2. Let u(j) = j**2 - 4*j - 4. Let o be u(4). Determine k(o).
2
Let b(n) = -n**3 + n**2 + n - 26. Suppose -14*r = -14 - 14. Suppose -r*x = -2*x - x. Calculate b(x).
-26
Suppose 0 = f + 2*f - 6. Let a(z) = -2 - 1 - 2*z - 12106*z**3 + 3 - 1 + 12107*z**3. Calculate a(f).
3
Let r(d) be the third derivative of d**4/24 + d**3/3 + 4033*d**2. Let s(c) = c**2 + 7*c + 5. Let v(k) = k**2 - 5*k - 3. Let i be v(4). Let y be s(i). Give r(y).
7
Let t be ((-1 - 0)*28/35)/(4/(-100)). Let u(z) = -z + 23. Give u(t).
3
Let s(m) = -103 + 19 + 13 - 15*m + 32 + m**2 + m**3 + 23. Give s(-4).
-4
Let u(w) = 7*w**2 - 33*w - 41. Let h(l) = -19*l**2 + 87*l + 124. Let x(o) = -4*h(o) - 11*u(o). Calculate x(10).
5
Let z(g) = -2*g**2 + 14*g - 10. Let c be 1/((-38)/10 - (-25 - -21)). What is z(c)?
10
Let f = 65 - 71. Let b(d) be the third derivative of -d**5/60 - d**4/4 - 5*d**3/2 - 2*d**2 - 1022*d. What is b(f)?
-15
Suppose -13 = 7*w + 1. Let l be (-172)/(-215)*(-10)/w. Let r(s) = -s**3 + 3*s**2 + s. Give r(l).
-12
Let g(o) be the second derivative of -o**3/2 - 33*o**2/2 - 1686*o + 2. What is g(-10)?
-3
Let g(f) = 5*f**2 + 5*f + 4. Let j be g(-1). Let u(l) = -3*l + 3*l - 2*l + 4 + j*l**2. Let s(x) = -x**2 - 1. Let d(t) = 3*s(t) + u(t). Calculate d(2).
1
Let r(n) be the first derivative of n**4/4 - 10*n**3/3 - 23*n**2/2 + 11*n - 601. What is r(12)?
23
Suppose -5*y - 16*r + 10 = -13*r, -5*y = 2*r - 10. Let h(o) = 4*o - 287*o**3 + 6 - 2*o + 288*o**3 - 6*o**2 + y*o. What is h(5)?
1
Let d(s) = -s**3 - 11*s**2 - 36*s - 2. Let c(k) = -k**2 - 6*k + 1. Let w(l) = 4*c(l) - d(l). Give w(-3).
6
Suppose 3*s + 17 - 74 = 0. Let q(r) = s*r - 15 - 21*r + 6. Suppose -m = n + 5, 5*m + 0*m + 32 = 2*n. Determine q(m).
3
Let t = -3 + 9. Suppose -g = -10 + t. Suppose -g = 5*b - 7*b. Let p(i) = -2*i + 2. What is p(b)?
-2
Suppose -3*o - 9 = -2*o. Let y(g) be the second derivative of g**5/20 + 5*g**4/6 + 5*g**3/3 + 13*g**2/2 - 7776*g. Determine y(o).
4
Let k = -6040 + 6045. Let s(p) = -p**3 + 7*p**2 - 7*p + 12. Determine s(k).
27
Let v(u) be the second derivative of -2 + 69*u - 1/6*u**3 - 1/2*u**2. Calculate v(-5).
4
Let s(q) be the second derivative of -1/3*q**3 + 0*q**2 + 1/4*q**4 - 77*q + 0. Give s(2).
8
Let z(a) = -14*a + 16. Let d(m) = m - 2. Let t(j) = -8*d(j) - z(j). Let i(o) = 3*o - 15. Let l be i(5). Suppose l = 8*y - 5*y - 3. Determine t(y).
6
Let h(b) = -71*b**2 + 16*b - 2. Let x(a) = 195*a**2 - 46*a + 6. Let p(s) = -11*h(s) - 4*x(s). Let r = 3 + -3. Suppose -2*j - 8 - 4 = r. What is p(j)?
-14
Let u(z) = z**2 - 7*z - 2. Let r(f) = -f**3 + 10*f**2 - 12*f + 12. Let b be r(7). Let v = b - 53. Let l be (0 + 3)/(-5 + v/4). Calculate u(l).
-8
Suppose 5*o - 12 = 2*r, -r + 3*o - 1 = 5. Let v = 56 + -51. Let s(d) = 7*d**2 + v - 9*d**2 - 8*d - 2. Give s(r).
-21
Let g(s) = s**3 + 7*s**2 + 8*s + 6. Let b = 118 - 102. Let a be (-8)/3*(-36)/b. Suppose a*i - 5*i + 6 = 0. Give g(i).
-6
Let w(z) = 9*z + 3. Suppose -5*y = -3*g + 30, -13*y - 40 = -5*g - 8*y. Suppose 4 = -2*s + s, n + g*s + 23 = 0. Calculate w(n).
-24
Let a(q) = -3*q**2 + 228187 + 7*q + 18*q - 228103. What is a(11)?
-4
Let b(c) = -17 + c**2 + 56500*c - 56500*c. Let j be (-2)/(9/((-180)/8)). Suppose 0 = j*n - 7*n. Determine b(n).
-17
Let t(b) be the third derivative of b**6/80 + b**5/120 + b**4/8 - 7*b**3/3 + 13*b**2. Let v(j) be the second derivative of t(j). Determine v(1).
10
Suppose -2*m + 6*m + 8 = 0. Let w = 112 + -115. Let g(c) = -15. Let x(n) = n - 11. Let t(b) = w*g(b) + 4*x(b). What is t(m)?
-7
Suppose -3*c - 8 = c. Let y(o) = -o**3 - 6*o**2 - 7*o - 7. Let g be y(-5). Let r(b) = 4*b**g + 3*b**2 - 5*b**3 + 55 + 3*b - 54. Calculate r(c).
15
Let r(j) = -j**3 - 3*j**2 - 4*j - 1. Let w be (-21)/(-4) + 50/(-40). Suppose 2*t - 3 = 3*i, -i + 5 + w = -4*t. Calculate r(i).
11
Let y(u) = 48*u**2 + 5*u - 5 - 71*u**2 + 30*u**2 + u**3. Let c(v) = 4*v - 1. Let x be c(-1). Determine y(x).
20
Let y(a) = a**3 - 6*a**2 - a + 4. Let v be (7 + -6)*(-5 + 5/1). Suppose 0 = h + 5, s - 14*h + 10*h - 26 = v. Determine y(s).
-2
Let b(s) be the first derivative of s**4/4 + 3*s**3 - 18*s**2 - 5*s - 132. Let k be b(-12). Let n(w) = 2 - 4 + w**2 + 1 + 7*w. What is n(k)?
-11
Let j(d) = 6309*d**3 + 45*d**2 - 2108*d**3 - 2100*d**3 + 23*d - 2103*d**3 - 26. Give j(23).
-26
Let p(m) = -3*m**2 + 2*m - 1. Let i(r) = -20*r**2 + 15*r - 3. Let z(y) = i(y) - 6*p(y). Determine z(4).
-17
Let i = 82 - 54. Let w be -3 - -1 - i/14. Let c(q) = 5*q + 3 - 1 + 0*q - 6*q. Determine c(w).
6
Suppose -40*u = -36*u - 4*z - 20, -u + 2*z = -1. Let q(h) = 14*h - 4*h - u*h - 1 + 3. Determine q(2).
4
Let s be ((-8)/(-5))/((-3)/(-15)). Let x(k) be the third derivative of 0*k + 0 + 3/8*k**4 + 0*k**3 + 321*k**2 - 1/120*k**6 + 7/60*k**5. Calculate x(s).
8
Let p(h) = -8*h - 4. Let v(c) = 4*c - 23. Let s be v(7). Let m(j) = 6 + 4*j + 0 - 4. Let k(d) = s*m(d) + 2*p(d). Give k(-2).
-6
Let h(n) = n**3 - 5*n**2 + 5. Let o be (-105)/14*48/(-120). Determine h(o).
-13
Let d(f) = 2*f - 4. Let o be d(3). Let q(n) = -6*n**2 - 2*n - 13. Let r(j) = 18*j**2 + 5*j + 37. Let v(x) = -14*q(x) - 5*r(x). Determine v(